17?
7
What is the tens digit of 5272?
7
What is the thousands digit of 35188?
5
What is the thousands digit of 42060?
2
What is the ten thousands digit of 112481?
1
What is the thousands digit of 1910?
1
What is the tens digit of 972?
7
What is the units digit of 923?
3
What is the hundreds digit of 941?
9
What is the units digit of 10812?
2
What is the thousands digit of 2047?
2
What is the units digit of 3986?
6
What is the thousands digit of 2272?
2
What is the hundreds digit of 34893?
8
What is the thousands digit of 78330?
8
What is the tens digit of 193?
9
What is the units digit of 37300?
0
What is the units digit of 918?
8
What is the hundreds digit of 2192?
1
What is the hundreds digit of 1733?
7
What is the hundreds digit of 44443?
4
What is the tens digit of 16587?
8
What is the tens digit of 124?
2
What is the thousands digit of 29052?
9
What is the hundreds digit of 8929?
9
What is the tens digit of 12972?
7
What is the units digit of 3232?
2
What is the thousands digit of 11732?
1
What is the units digit of 54?
4
What is the hundreds digit of 312?
3
What is the units digit of 1120?
0
What is the tens digit of 43?
4
What is the tens digit of 79?
7
What is the hundreds digit of 36850?
8
What is the hundreds digit of 2699?
6
What is the units digit of 23320?
0
What is the hundreds digit of 11546?
5
What is the thousands digit of 2853?
2
What is the hundreds digit of 429?
4
What is the hundred thousands digit of 135337?
1
What is the hundreds digit of 7839?
8
What is the units digit of 4626?
6
What is the units digit of 1020?
0
What is the thousands digit of 18634?
8
What is the thousands digit of 1294?
1
What is the tens digit of 1577?
7
What is the units digit of 751?
1
What is the units digit of 131564?
4
What is the thousands digit of 18019?
8
What is the ten thousands digit of 70324?
7
What is the hundreds digit of 21803?
8
What is the units digit of 530?
0
What is the thousands digit of 1041?
1
What is the thousands digit of 6271?
6
What is the tens digit of 4940?
4
What is the thousands digit of 2370?
2
What is the hundreds digit of 4275?
2
What is the tens digit of 5644?
4
What is the units digit of 99?
9
What is the hundreds digit of 7772?
7
What is the ten thousands digit of 96798?
9
What is the hundreds digit of 679?
6
What is the thousands digit of 8840?
8
What is the thousands digit of 9668?
9
What is the units digit of 307?
7
What is the thousands digit of 76406?
6
What is the thousands digit of 24950?
4
What is the hundreds digit of 1595?
5
What is the ten thousands digit of 189753?
8
What is the hundreds digit of 5841?
8
What is the tens digit of 3033?
3
What is the thousands digit of 1203?
1
What is the hundreds digit of 10130?
1
What is the units digit of 3576?
6
What is the thousands digit of 92556?
2
What is the hundreds digit of 13534?
5
What is the ten thousands digit of 16988?
1
What is the hundreds digit of 826?
8
What is the hundreds digit of 117253?
2
What is the hundreds digit of 7842?
8
What is the hundreds digit of 58294?
2
What is the thousands digit of 5444?
5
What is the units digit of 7311?
1
What is the units digit of 59410?
0
What is the tens digit of 1527?
2
What is the units digit of 3202?
2
What is the units digit of 534?
4
What is the tens digit of 882?
8
What is the thousands digit of 1270?
1
What is the tens digit of 6702?
0
What is the units digit of 14501?
1
What is the units digit of 301?
1
What is the units digit of 1154?
4
What is the hundreds digit of 5806?
8
What is the units digit of 870?
0
What is the units digit of 1807?
7
What is the hundreds digit of 2340?
3
What is the hundreds digit of 11509?
5
What is the ten thousands digit of 39643?
3
What is the hundred thousands digit of 104533?
1
What is the units digit of 1441?
1
What is the hundreds digit of 1107?
1
What is the tens digit of 66804?
0
What is the units digit of 1906?
6
What is the thousands digit of 1280?
1
What is the tens digit of 18107?
0
What is the hundreds digit of 31461?
4
What is the units digit of 330?
0
What is the hundreds digit of 2503?
5
What is the hundreds digit of 27659?
6
What is the hundreds digit of 156?
1
What is the units digit of 3954?
4
What is the thousands digit of 22266?
2
What is the thousands digit of 41035?
1
What is the thousands digit of 1558?
1
What is the hundreds digit of 52232?
2
What is the hundreds digit of 752?
7
What is the hundreds digit of 793?
7
What is the tens digit of 11084?
8
What is the hundreds digit of 111?
1
What is the units digit of 17532?
2
What is the tens digit of 19670?
7
What is the hundreds digit of 25346?
3
What is the hundreds digit of 643?
6
What is the tens digit of 93780?
8
What is the units digit of 470?
0
What is the tens digit of 1584?
8
What is the thousands digit of 1290?
1
What is the tens digit of 687?
8
What is the thousands digit of 31877?
1
What is the hundreds digit of 4951?
9
What is the units digit of 954?
4
What is the units digit of 198?
8
What is the tens digit of 86606?
0
What is the ten thousands digit of 135379?
3
What is the hundreds digit of 49856?
8
What is the thousands digit of 3177?
3
What is the tens digit of 76083?
8
What is the hundreds digit of 86063?
0
What is the thousands digit of 1732?
1
What is the units digit of 14836?
6
What is the hundreds digit of 206?
2
What is the thousands digit of 2579?
2
What is the hundreds digit of 30728?
7
What is the units digit of 18274?
4
What is the units digit of 30080?
0
What is the units digit of 1236?
6
What is the units digit of 68939?
9
What is the hundreds digit of 90832?
8
What is the thousands digit of 3784?
3
What is the units digit of 21664?
4
What is the hundred thousands digit of 122270?
1
What is the units digit of 17430?
0
What is the tens digit of 17088?
8
What is the units digit of 1283?
3
What is the hundreds digit of 43845?
8
What is the hundreds digit of 136?
1
What is the hundreds digit of 5578?
5
What is the hundreds digit of 3076?
0
What is the hundreds digit of 2634?
6
What is the hundreds digit of 148148?
1
What is the ten thousands digit of 10917?
1
What is the units digit of 1225?
5
What is the tens digit of 505?
0
What is the hundreds digit of 30736?
7
What is the tens digit of 968?
6
What is the units digit of 309?
9
What is the tens digit of 3027?
2
What is the thousands digit of 10160?
0
What is the thousands digit of 17396?
7
What is the hundreds digit of 525?
5
What is the units digit of 119?
9
What is the ten thousands digit of 48208?
4
What is the tens digit of 11548?
4
What is the hundreds digit of 4587?
5
What is the units digit of 2878?
8
What is the thousands digit of 9759?
9
What is the hundreds digit of 318?
3
What is the hundreds digit of 8573?
5
What is the tens digit of 55829?
2
What is the tens digit of 65352?
5
What is the units digit of 7839?
9
What is the ten thousands digit of 93223?
9
What is the units digit of 6144?
4
What is the thousands digit of 19057?
9
What is the hundreds digit of 1271?
2
What is the units digit of 689?
9
What is the units digit of 2419?
9
What is the hundreds digit of 5204?
2
What is the ten thousands digit of 21875?
2
What is the hundreds digit of 3751?
7
What is the thousands digit of 11915?
1
What is the ten thousands digit of 34585?
3
What is the units digit of 37256?
6
What is the tens digit of 757?
5
What is the tens digit of 28454?
5
What is the ten thousands digit of 28172?
2
What is the tens digit of 20313?
1
What is the hundreds digit of 31338?
3
What is the units digit of 1109?
9
What is the hundreds digit of 47528?
5
What is the tens digit of 3530?
3
What is the thousands digit of 18942?
8
What is the thousands digit of 10033?
0
What is the hundreds digit of 26145?
1
What is the units digit of 1151?
1
What is the units digit of 2726?
6
What is the units digit of 1236?
6
What is the tens digit of 7734?
3
What is the tens digit of 64039?
3
What is the tens digit of 1963?
6
What is the units digit of 38195?
5
What is the units digit of 2946?
6
What is the ten thousands digit of 27835?
2
What is the hundreds digit of 28605?
6
What is the hundreds digit of 10857?
8
What is the ten thousands digit of 81288?
8
What is the units digit of 1106?
6
What is the hundreds digit of 6758?
7
What is the units digit of 559